7). Calculate the highest common divisor of s and w.
27
Let k = 1237 - 1182. Suppose -5*v = -4*v. Suppose 0 = -p - v*p + 11. What is the greatest common divisor of k and p?
11
Let x = 13 - 11. Let n(w) = w. Let j be n(x). Suppose j*y - 4 = -u, 4*u + 0*u = -5*y + 7. What is the highest common divisor of 15 and y?
3
Suppose 1 + 11 = -2*o. Let s(q) = -14*q + 4*q + 4*q - 31*q + 2. Let d be s(o). What is the highest common divisor of d and 28?
28
Let a(b) = 6*b + 124. Let s be a(-20). Let r(p) = -2*p**3 - 7*p**2 - 6*p - 4. Let q be r(-4). What is the greatest common factor of s and q?
4
Suppose -5*c = k - 228, 2*c - 4*k - 133 = -33. Calculate the greatest common divisor of c and 322.
46
Let t = -223 + 454. What is the greatest common divisor of t and 42?
21
Suppose -4*d = -5*h - 855, d - h = 218 - 3. What is the highest common factor of d and 88?
44
Let m(h) = -h. Let t(z) = z**2 - 8*z - 7. Let i(l) = 5*m(l) - t(l). Let y be i(4). What is the highest common factor of y and 33?
3
Suppose 4*x + 4*m - 656 = 0, 5*x - m = -2*m + 804. Calculate the highest common divisor of x and 10.
10
Let o = 8 + -11. Let z(n) = 4*n - 12. Let a(i) = 2*i - 6. Let q(x) = -9*a(x) + 4*z(x). Let g be q(o). Calculate the greatest common factor of g and 84.
12
Let y(w) = 2*w**3 - 3*w**2 - w + 2. Let v be y(2). Suppose -2*x = v*s - 4, -5*s + 1 + 5 = 3*x. What is the greatest common divisor of x and 8?
2
Let f(b) = 29*b**2 + b. Let o be -5*8/10*-4. Let j = o - 15. Let a be f(j). What is the highest common divisor of 10 and a?
10
Let b = 6 - -1. Suppose w - b*w + 18 = 0. What is the greatest common divisor of w and 33?
3
Let r = 11 + -8. Let t(b) = b**2 - b - 2. Let z be t(r). Suppose -28 = -z*o - 2*l, 2*o - 3*l + 15 = 5*o. What is the highest common factor of o and 90?
9
Let w(u) = u - 16. Let z be w(19). Let n be ((-210)/(-54))/((-1)/z)*-6. Calculate the greatest common factor of n and 28.
14
Suppose -2*f = 4*u - 88, -f + 3*u = u - 64. Let r = f + -23. Suppose 0 = -7*i - 25 + 242. Calculate the greatest common divisor of i and r.
31
Let m be 6/(216/188) - (-4)/(-18). Let g(b) = -b**2 + 10*b + 2. Let u be g(m). Calculate the highest common factor of u and 9.
9
Let o(z) = -z**3 - 7*z**2 + 7. Let w be o(-7). Suppose 4*d - 21 - 7 = 0. Calculate the highest common factor of w and d.
7
Suppose 5*g = -0*g + 50. Let l(h) = -19*h**3 - h - 1. Let y be l(2). Let p = -105 - y. What is the highest common divisor of p and g?
10
Let k(z) = z**3 - 33*z**2 - 66*z - 65. Let x be k(35). Calculate the highest common divisor of x and 105.
15
Let t be (67 - (-1 + 0))*4/8. Suppose 5*r = t + 166. What is the greatest common divisor of 5 and r?
5
Let o(y) = -29*y - 120. Let u be o(-6). What is the greatest common factor of u and 1350?
54
Let x(j) = j**3 + 8*j**2 + 4*j - 47. Let s be x(-6). Let a(z) = -z**2 - z + 3. Let y be a(0). Calculate the highest common divisor of s and y.
1
Let q(g) = -6*g - 35. Let z be q(-5). Let i be 30/9*3 + z. What is the greatest common factor of 5 and i?
5
Suppose 4*c + 3*f = 1148, 67*c = 70*c - 4*f - 886. What is the greatest common divisor of 58 and c?
58
Let g = -3 + 18. Suppose -3*y = -4*h - 0*y + 63, h = y + g. What is the highest common factor of h and 6?
6
Let r(m) = m + 6. Let g be r(-6). Suppose 7*i + 0*i - 35 = g. Calculate the greatest common factor of i and 55.
5
Suppose -h = -16 + 7. Let k(o) be the first derivative of o**3/3 - 7*o**2/2 - 7*o + 7. Let s be k(h). What is the greatest common divisor of s and 44?
11
Let o(a) = -a**2 + 24*a - 14. Let z be o(4). What is the highest common factor of 48 and z?
6
Suppose -3*k + 7*k = 0. Suppose k = 4*f - p - 344, 2*f + 3*p - 158 = -0*f. Calculate the greatest common factor of 51 and f.
17
Let z be 2/13 + 14520/429. What is the highest common divisor of z and 2?
2
Let m(d) = -4*d - 6. Let y be m(-5). Let r(t) = t**2 + 115*t - 114. Let p be r(-116). Calculate the highest common divisor of y and p.
2
Let t = 8 - 26. Let a be 15*(-3)/t*2. Let d = 12 + -2. Calculate the greatest common factor of d and a.
5
Suppose 5*f + 0*x - x - 96 = 0, -5*f = x - 104. What is the greatest common divisor of 25 and f?
5
Let u(g) be the second derivative of -1/12*g**4 + 4*g + g**2 + 0 + 2/3*g**3. Let c be u(4). Calculate the greatest common factor of 3 and c.
1
Let z(p) = 21*p**3 + 3*p**2 - 4*p - 4. Let f be z(2). Calculate the greatest common factor of f and 21.
21
Suppose 3*h - 52 = -2*m, -h - 4*m - 76 = -4*h. Let p be (72/60)/(3/h). Suppose a - p = -0*a. Calculate the greatest common factor of a and 8.
8
Suppose -3*u - 30 = -4*h, h + 4*h + 3*u = 24. Let x be 148/h + 2/6. Let l = 264 - 259. What is the greatest common factor of x and l?
5
Suppose -16*q - 25 = -21*q. Let l be q*(-3)/((-3)/2). Suppose l = 2*c + j, -2*j = -3*c - 0*j + 1. What is the greatest common factor of c and 9?
3
Let j = -247 + 485. Calculate the highest common factor of j and 70.
14
Let c be 3 - (4 + -3) - -2. Suppose 0 = -5*r + 28 + 7. Let p = r + 1. Calculate the highest common factor of p and c.
4
Let q = -17 + -53. Let z = -15 - q. What is the highest common factor of 11 and z?
11
Let n(t) = 3*t - 10. Suppose -6*m + 25 = -17. Let v be n(m). Suppose 0 = 4*j - 5 - 39. Calculate the greatest common divisor of j and v.
11
Let z be (-314)/3*9/(-6). Let y = 292 - z. What is the greatest common divisor of y and 15?
15
Let m be 3*(-6 - (-4)/(12/27)). What is the greatest common divisor of m and 864?
9
Let x = -1135 + 1212. What is the greatest common divisor of x and 99?
11
Let z(a) = -a**3 - 82*a**2 + 244*a - 921. Let u be z(-85). Suppose 4*r - 48 = -b, 3*b + 5*r - 153 = 5. Calculate the highest common divisor of u and b.
14
Let y be -26*(2 + (-8)/2). Let p = y + -50. What is the highest common factor of 2 and p?
2
Suppose 0 = -2*u - 3*s - 26, -5*u + 5*s + 31 = 146. Let d = u + 33. What is the greatest common divisor of 7 and d?
7
Let x(v) = 15*v + 45. Let l be x(22). What is the greatest common divisor of l and 50?
25
Let i = -22 - -18. Let l be ((-57)/6 - 6)/(2/i). What is the greatest common factor of l and 155?
31
Let o(n) = 18*n**2 - 2*n - 2. Let z be o(-1). Suppose -z = -2*a + 30. What is the highest common factor of a and 72?
24
Suppose 2*g + 10 = -5*w + 26, 16 = 4*w. Let h(u) = -6*u**3 - 3*u**2 - u + 2. Let p be h(g). What is the highest common factor of 60 and p?
20
Let d be -2 + 20 - 12/(-4). Suppose -24*w + 42 = -d*w. What is the highest common divisor of w and 21?
7
Let h be (-16 - -82)*(-4)/(-3). Let d(v) = v**3 + 3*v**2 - v - 2. Let s be d(-3). Let u be 16/2 + s + 2. What is the highest common divisor of h and u?
11
Suppose -15 = -g - 2*o, -16 = 3*g + 5*o - 56. Suppose g*h - 735 = -295. Let u = -14 - -22. What is the highest common factor of u and h?
8
Let w be ((-4)/(-2))/(28/2394). Calculate the highest common divisor of 228 and w.
57
Suppose -4*w - 29 = -w - 4*z, -w = 4*z - 17. Let s be ((-8)/w)/((-1)/(-6)). Let h be 3/15*2*100. What is the highest common factor of s and h?
8
Let d = -1614 + 1630. What is the greatest common divisor of d and 208?
16
Let d(t) = t**3 - 7*t**2 + 11*t. Let p be d(6). Suppose -5*f + 250 = -p. What is the highest common factor of f and 14?
14
Let a(g) = g**2. Let t be a(0). Suppose t = -0*u + 3*u - 48. Let h = 29 - u. What is the greatest common divisor of h and 143?
13
Suppose -30*l = -365 + 95. Calculate the highest common factor of 693 and l.
9
Let a(k) = -k + 6. Let n be a(4). Suppose -n*m = -3*m + 8. Let w(h) = -h**3 + 8*h**2 - 5*h + 14. Let u be w(6). Calculate the greatest common factor of m and u.
8
Let a(j) = 25*j + 65. Let b be a(17). Calculate the highest common divisor of b and 28.
14
Suppose -6*k + 147 = -165. Let z be 6/8 - (-2561)/k. Calculate the greatest common divisor of 20 and z.
10
Let z be ((-20)/6 - 1)*-12. Suppose -2*l = -2*f + z, -2 = 2*f + l - 54. What is the greatest common factor of 182 and f?
26
Suppose p - 3*h = 16, 2*h + 7 + 21 = 5*p. What is the highest common divisor of p and 28?
4
Let i = 490 + -350. Calculate the highest common divisor of i and 84.
28
Suppose 2*a = -3*r - 8, 3*a = a - 5*r - 4. Let l = a + 16. What is the highest common divisor of 9 and l?
9
Suppose 0 = -3*m + 39 + 96. Let i = -35 + m. Calculate the highest common factor of 5 and i.
5
Suppose 0 = u - 29 - 19. Let c be 3*8